. Suppose 0 = -5*h + 27 + y. List the prime factors of h.
11
Suppose -b + 0*b - 999 = -5*s, 0 = -3*s - 3*b + 585. List the prime factors of s.
199
Suppose -l + 7 = 1. Suppose 148 = l*i - 2*i. What are the prime factors of i?
37
Let x(h) = 0*h**2 + 4*h**2 + 15*h + 3*h**2 - 8*h**2 - 17. List the prime factors of x(13).
3
Let y(c) = 7*c + 5 + 0 - 4. List the prime factors of y(1).
2
Let c = -11 + 5. Let v(z) = -z**2 - 8*z. What are the prime factors of v(c)?
2, 3
Suppose k = -5*k + 408. What are the prime factors of k?
2, 17
Let b = 48 - 30. List the prime factors of b.
2, 3
Let l(w) = 0 + w**2 + 3 + 3. Let d be l(0). Suppose -d*i + 40 = -i. List the prime factors of i.
2
Suppose 0 = -2*s + 4*z - 8, -2*z + 20 = 3*s - 0*z. Suppose -3*v + 9 = -s*a - 32, 34 = 2*v + 4*a. What are the prime factors of v?
3, 5
Let a(z) = 3*z. Let k(d) = -2*d - 2. Let c be k(-2). Let g = c - 0. What are the prime factors of a(g)?
2, 3
Let j = -1 - -3. Let r(x) = -1 - 2 + 13*x + 0 + j. List the prime factors of r(1).
2, 3
Let s(u) = -13*u - 18. What are the prime factors of s(-4)?
2, 17
Let p(j) = j**3 - 4*j**2 - 8*j + 7. List the prime factors of p(6).
31
Let h(f) be the third derivative of f**6/120 + f**4/12 - f**3/3 - 5*f**2. List the prime factors of h(2).
2, 5
Let v(g) = -g**3 - 7*g**2 + 9*g. Let p be v(-8). Let z = p - -11. Suppose r - 4*t = -0*r + 11, -z*r + t = -55. List the prime factors of r.
19
Let v = -15 - -8. Let n = 25 + v. List the prime factors of n.
2, 3
Suppose 3 = -3*f, -3*c + 5*c + 2*f = -10. Let u be (3/(-2))/(6/40). Let d = c - u. List the prime factors of d.
2, 3
Suppose 2*m - 2*g = 20, g - 44 = m - 6*m. Suppose -39 = -12*v + m*v. List the prime factors of v.
13
Let m(i) = i + 3. What are the prime factors of m(9)?
2, 3
Suppose 4*y - 896 = -4*y. List the prime factors of y.
2, 7
Let t(b) = b**3 - 11*b**2. Let r be t(11). Suppose r = -f + 4*f - 21. What are the prime factors of f?
7
Let k = -33 + 9. List the prime factors of ((-12)/k)/((-2)/(-12)).
3
Suppose 0 = 3*h + 38 + 34. What are the prime factors of 0 - h/(-1 + 4)?
2
Suppose 4*k = 2*k + 56. List the prime factors of k.
2, 7
Let p be 9 + 5/(5/(-3)). Suppose -p = -3*q + 6. List the prime factors of (-1)/(-2) + 62/q.
2
Suppose -p + 51 = -5*t, p + 227 = 6*p + 3*t. Suppose 2*r + 26 = -2*m, r + 2*m - p = 5*r. Let s = -8 - r. What are the prime factors of s?
2
Suppose 4*v - 6 = v. Let q = -13 - -23. What are the prime factors of q - v/(-2*1)?
11
Let h(d) = 7*d - 10. Let b be h(10). Suppose -3*g = -3*i + b, 5*g - 2 = -3*i + 18. List the prime factors of i.
3, 5
Suppose 2*a + 12 = -4*r, a + 3*a = -5*r - 21. Let s(t) = -t - 1. Let i be s(a). Suppose 32 = i*m - 16. What are the prime factors of m?
2
Suppose -5*f - 100 = -5*s, 2*f = 5*s - 2*f - 105. Suppose 3*m - 8*m = -s. What are the prime factors of m?
5
Suppose 4*n + 70 = -n. Let d = n + 36. List the prime factors of d.
2, 11
Let j(u) be the first derivative of -u**5/20 + u**4/2 + 3*u**3/2 - 4*u**2 + 3*u - 1. Let w(v) be the first derivative of j(v). List the prime factors of w(7).
2, 3
Let i(q) = -14*q - 6. What are the prime factors of i(-2)?
2, 11
Let t(m) = 2*m**3 - 3*m**2 - m - 2. List the prime factors of t(3).
2, 11
Let t be (-1)/(-3) - (-6)/(-18). Let r = t + 3. Suppose -r = y + 1, 0 = 2*l + 4*y. List the prime factors of l.
2
Suppose 5*a - 2*i = 15, 2*i = -0*i + 10. Let v(f) = 6*f - 7. List the prime factors of v(a).
23
Let q be 22/(-6)*(-13 - 2). Suppose 9 + q = 4*m. List the prime factors of m.
2
Let t be (-8 + 3)*(-6)/(-15). List the prime factors of (t + 0)/2 + 6.
5
Let g(u) = -3*u - 8. Let j(s) = 2*s + 7. Let n(i) = -3*g(i) - 4*j(i). Let p(k) = -2*k - 10. Let y be p(-8). What are the prime factors of n(y)?
2
Suppose 0 = 2*x + c + 18, -2*x - 27 = 3*c - 1. Let z(m) = m**2 + 6*m - 5. Let s be z(x). Suppose -3*t - s*t = -20. What are the prime factors of t?
2
Let v(s) = -s**2 - 7*s - 4. Let n be v(-5). Suppose -3*h + 6*h = 30. Suppose -c + h = 3*u, -2*c - n + 20 = 3*u. What are the prime factors of c?
2
Let u(k) = -k**3 + 4*k**2 - 4*k + 3. Let c be u(2). Suppose 15 + 0 = c*i. Suppose 0 = -2*t - i*d - 21 + 2, 0 = 4*d + 20. What are the prime factors of t?
3
Suppose -2 = 2*r - 8, 0 = 5*f + 3*r - 1939. List the prime factors of f.
2, 193
Let i(t) = -2*t**2 + 10. Let h be 0/((-3)/((-9)/(-6))). List the prime factors of i(h).
2, 5
Let q(a) = -2*a - 1. List the prime factors of q(-7).
13
Let x = -77 - -269. What are the prime factors of x?
2, 3
Suppose 64 + 88 = 4*l. List the prime factors of 2*1/4*l.
19
Suppose 2*z = z + 5*x - 7, 3*x = -5*z + 21. Suppose -4*c - 5 = i, -4*i + 0*c = -z*c - 56. What are the prime factors of i?
11
Suppose -3*s - 4*g = -88, -g - 3*g - 24 = -s. Suppose -s + 4 = -4*o. What are the prime factors of o?
2, 3
Let u = 88 + 17. What are the prime factors of u?
3, 5, 7
Suppose -12*y = -1388 + 368. What are the prime factors of y?
5, 17
Suppose 99 = -4*s - 3*p - 2*p, -p = -5*s - 131. Let f = -2 - s. List the prime factors of f.
2, 3
Let g(q) be the third derivative of q**6/120 + 7*q**5/60 + 5*q**4/24 + q**3 + q**2. What are the prime factors of g(-6)?
2, 3
Let m(k) = 4*k**3 - 2*k**2 + k. Let f be m(1). Suppose 0 = -5*v + 7 + f. Suppose -v*w + 7 = 1. What are the prime factors of w?
3
Suppose -5*a = -4*i + 1008, -i - 3*a - 68 = -320. What are the prime factors of i?
2, 3, 7
Suppose 0 = -u + 4*c - 2*c - 8, 16 = 3*u + 2*c. Suppose p - u = 5*f, 2*f + 2*p - 4 = 4*f. Suppose -5*r + 0*r + 35 = f. What are the prime factors of r?
7
Suppose -5*t + 8 = -3*t. Suppose 3 = 2*c + 3*y, t*y - 4 = -6*c + 4*c. Suppose -2*p + c*p - 2*q = -16, -q = -2*p + 31. List the prime factors of p.
13
Suppose 0 + 2 = g. Let f = g - -7. List the prime factors of f.
3
What are the prime factors of (54/6)/(2/10)?
3, 5
Let o(p) = 3*p - 1. Let w be o(2). Suppose r = -4*q + 41, w*r + 3*q - 113 = 6*q. Suppose -5*u = -0*u - r. What are the prime factors of u?
5
Let h(g) = g**2 + 3*g - 8. Let r be 1/5 + (-288)/40. List the prime factors of h(r).
2, 5
Suppose -431 - 622 = -9*a. What are the prime factors of a?
3, 13
Suppose -5*m + 2*n + 16 = -8, -n - 6 = -m. What are the prime factors of m?
2
List the prime factors of 1/4 + (-4)/(48/(-1917)).
2, 5
Let n(t) = -t**3 - 23*t**2 - 44*t - 15. List the prime factors of n(-21).
3
Suppose 5*r = -15, -2*c + 9 = -3*c - 4*r. Let u(d) = d**2 + 3*d + 1. What are the prime factors of u(c)?
19
What are the prime factors of (-5)/(-2)*24/12?
5
List the prime factors of (-5)/(-6 + 16) + (-209)/(-2).
2, 13
Let b = 7 - 4. Suppose 0 = -5*r - b*u + 40, 5*r = 3*u - 14 + 84. List the prime factors of r.
11
Let q(a) = a**2 - 7*a + 9. Let i be q(6). Let t = i + 18. What are the prime factors of t?
3, 7
Let j(p) = p**2 + 6. What are the prime factors of j(-5)?
31
Let d = -6 + 14. Suppose 2*f = -2*f + d. Suppose -3*k = -q + 10, -2*k + 43 = 3*q + f*k. List the prime factors of q.
13
Let u = 1 - -19. Suppose 6*l - l = u. List the prime factors of l.
2
Let z be (2 + -12)/(0 + -2). Suppose q - z = -0*q. What are the prime factors of q?
5
What are the prime factors of (-4)/2*357/(-14)?
3, 17
Let q be 4/((-3)/36*-3). Suppose 4*n - q = 12. List the prime factors of n.
7
Suppose 3*l + 92 = 254. Let b = -30 + l. List the prime factors of b.
2, 3
Let j(z) be the first derivative of -z**4/4 + 4*z**3/3 - z**2 - 2*z + 4. Let o be j(2). Suppose -9 = -o*r + 21. List the prime factors of r.
3, 5
Let j be 6/(-9) + (-37)/3. Let m = j + 18. List the prime factors of m.
5
Let z(i) = 12*i + 7. List the prime factors of z(9).
5, 23
Let y = -68 - -95. Suppose 4*c - q - 20 - y = 0, 3*c - 4*q - 19 = 0. List the prime factors of c.
13
Let b(j) = -j**3 - 4*j**2 + 4*j + 4. Let c be b(-5). Suppose 3*h - 27 = c. List the prime factors of h.
2, 3
Let k(v) = -v - 8. Let l be k(-6). What are the prime factors of (-114)/l*4/12?
19
Let k(g) = -6*g**2 + 4*g + 8. Let j(t) = 7*t**2 - 4*t - 9. Let u(d) = -5*j(d) - 6*k(d). Let q be u(3). Let v(s) = -s. List the prime factors of v(q).
2, 3
Suppose -25*n - 83 = -26*n. What are the prime factors of n?
83
Let l be (-620)/(-4) + (-1 - -5). Suppose l - 39 = 4*m. List the prime factors of m.
2, 3, 5
Let b = 42 - -42. What are the prime factors of b?
2, 3, 7
Let u = 382 - 262. What are the prime factors of u?
2, 3, 5
Let v be 255/(-5)*1